et f(a) = a**3 + 6*a**2 + 7237*a + 50588. What is f(-7)?
-120
Let c(h) = -63*h**2 + 10186*h - 95567. Determine c(10).
-7
Let q(v) = v**2 - 6324714*v - 12649431. Give q(-2).
1
Let j(n) = 49118*n + 47546226. Determine j(-968).
2
Let a(r) = 109*r - 5040. Determine a(45).
-135
Let g(h) = 229*h**3 - 14*h**2 + 51*h - 61. Calculate g(2).
1817
Let p(y) = y**2 + 2980*y - 508991. Give p(162).
13
Let v(k) = -k**2 + 810807*k - 4054020. Give v(5).
-10
Let h(f) = -5371*f**2 - 392081*f + 146. Calculate h(-73).
0
Let o(i) = -201*i - 120. What is o(3)?
-723
Let z(t) = -19*t**3 + 37*t**2 - 42*t - 44. Determine z(2).
-132
Let o(c) = -18*c - 287. What is o(-19)?
55
Let b(l) = -3*l**2 - 159*l - 247. What is b(0)?
-247
Let t(o) = -45*o**2 + 965*o - 3151. Determine t(4).
-11
Let q(b) = 176*b - 1174. Calculate q(12).
938
Let i(z) = z**3 - 91*z**2 + 1143*z - 390. Calculate i(76).
-162
Let u(k) = -20886*k - 104434. Give u(-5).
-4
Let z(b) = 3*b**2 - 620*b + 22791. Determine z(159).
54
Let r(g) = 36*g - 2005. Determine r(17).
-1393
Let g(a) = -5137*a**2 - 15413*a + 10. Give g(-3).
16
Let l(g) = -g**3 + 23*g**2 + 44*g + 113. Determine l(24).
593
Let i(t) = t**2 - 2150*t + 135504. What is i(65)?
-21
Let t(r) = 4277*r - 1313039. Give t(307).
0
Let l(n) = 2*n**2 + 248*n - 26155. Calculate l(-192).
-43
Let l(r) = 548*r + 914. Calculate l(5).
3654
Let c(k) = -9375*k + 497229. Give c(53).
354
Let c(n) = 16*n**2 - 207*n + 644. Give c(7).
-21
Let z(b) = -b**3 + 2932*b**2 - 35042*b + 25. Calculate z(12).
1
Let j(b) = b**2 + 638*b + 101057. Calculate j(-290).
137
Let b(p) = -1436*p - 78177. Calculate b(-54).
-633
Let q(n) = -n**2 - 531*n - 69391. What is q(-278)?
943
Let q(m) = 60182*m + 361135. Calculate q(-6).
43
Let s(p) = -p**3 + 42*p**2 - 1583*p + 77371. Calculate s(45).
61
Let m(u) = -3*u**3 - 94*u**2 - 556*u - 564. Calculate m(-24).
108
Let g(a) = -2*a**2 - 22244*a - 1963880. Determine g(-89).
-6
Let u(o) = -82*o**3 - o**2 + 1075*o - 2150. Determine u(2).
-660
Let z(h) = 10569*h - 31899. Calculate z(3).
-192
Let u(v) = -6390*v + 370460. Determine u(58).
-160
Let m(c) = -19539*c - 3810096. Calculate m(-195).
9
Let n(b) = b**2 + 18061*b - 687710. Give n(38).
52
Let g(x) = x**2 + 69*x - 1579. Give g(-77).
-963
Let x(i) = 4136*i + 128044. Determine x(-31).
-172
Let y(a) = 9*a**2 - 267*a - 268. Determine y(-1).
8
Let z(x) = 40*x**2 + 406*x - 363. Give z(-8).
-1051
Let d(x) = -3*x**2 - 12*x + 147. Determine d(-11).
-84
Let x(a) = -4*a**3 - 292*a**2 + 18*a + 1298. Determine x(-73).
-16
Let h(k) = -k**2 - 1292*k - 202010. Determine h(-182).
10
Let i(r) = 2*r**3 - 170*r**2 + 148*r - 385. Determine i(84).
-2065
Let r(f) = -3*f**3 - 517*f**2 + 2114*f - 3. Calculate r(4).
-11
Let g(z) = -78*z**2 - 32754*z + 2526. Calculate g(-420).
6
Let x(u) = 617*u - 13882. Give x(22).
-308
Let z(v) = -11*v**3 - 22*v**2 - 80*v + 498. Determine z(3).
-237
Let t(d) = -13422*d - 442433. Give t(-33).
493
Let z(s) = -25*s**2 + 3063*s - 774. Give z(123).
-2250
Let v(q) = -729*q - 102119. Determine v(-140).
-59
Let u(n) = 175*n - 5090. Give u(29).
-15
Let g(j) = 918*j**3 + j**2 - 2*j + 2. Determine g(1).
919
Let f(y) = -y**3 + 4*y**2 + 237*y - 57. What is f(14)?
1301
Let o(u) = u**3 - 34*u**2 + 16*u + 1063. Determine o(-5).
8
Let h(f) = -f**3 + 30*f**2 + 104*f - 750. Give h(32).
530
Let l(y) = -11*y**2 - 53*y - 907. Calculate l(-12).
-1855
Let k(m) = m**3 + 188*m**2 - 441*m - 11517. What is k(-190)?
73
Let l(m) = 606*m - 175746. Determine l(290).
-6
Let i(k) = 450*k + 5664. What is i(-12)?
264
Let t(o) = -o**2 - 5882*o - 1616356. What is t(-289)?
21
Let a(p) = 3176*p - 21013. What is a(6)?
-1957
Let z(o) = 160*o**3 + 3*o**2 - 109*o - 216. Calculate z(-2).
-1266
Let d(m) = 14*m**2 - 533*m + 2640. What is d(5)?
325
Let o(a) = -14*a**2 + 112*a + 402. What is o(-3)?
-60
Let k(p) = -11*p**2 - 699*p - 99. Give k(-63).
279
Let v(b) = 2*b**2 + 131*b + 755. Calculate v(-58).
-115
Let m(y) = -y**3 - 194*y**2 - 378*y + 886. Determine m(-192).
-266
Let i(c) = -c**2 - 180638*c + 903207. Give i(5).
-8
Let w(x) = -2182*x + 11979. Calculate w(6).
-1113
Let j(s) = 2*s**3 - 139*s**2 + 941*s - 60186. Give j(69).
-18
Let o(y) = 2*y**3 + 144*y**2 - 445*y + 395. Calculate o(-75).
20
Let p(o) = -1241*o - 16036. Give p(-13).
97
Let y(g) = -g**3 + 23*g**2 - 1451*g + 37511. Determine y(25).
-14
Let p(b) = 97*b + 14542. Give p(-150).
-8
Let u(t) = -25*t**3 - 436*t**2 - 870*t + 4. Give u(-2).
200
Let l(z) = -z**3 + 216*z**2 - 259*z + 9410. Calculate l(215).
-50
Let y(r) = -5*r**2 - 316*r - 4665. Give y(-39).
54
Let m(g) = g**3 + 26*g**2 + 109*g + 2820. Give m(-26).
-14
Let w(k) = 11*k**3 - 2749*k**2 - 255*k + 1604. Calculate w(250).
354
Let h(i) = -3146564*i + 44051904. What is h(14)?
8
Let v(w) = -w**3 + 625*w**2 + 3096*w - 244. Give v(-5).
26
Let a(g) = 3*g**3 - 331*g**2 + 115*g - 923. What is a(110)?
-373
Let s(y) = -938330*y - 7506643. What is s(-8)?
-3
Let p(x) = -39107*x - 156378. Determine p(-4).
50
Let z(y) = 2*y**3 + 33*y**2 + 7657*y + 122321. What is z(-16)?
65
Let t(u) = 220*u**2 + 639*u + 1921. Give t(-3).
1984
Let m(h) = h**3 + 715*h**2 + 951*h + 679954. Determine m(-715).
-11
Let a(u) = 1949*u + 5822. Give a(-3).
-25
Let a(y) = 2*y**2 - 338955*y + 2372589. Determine a(7).
2
Let t(c) = 166447*c + 1331838. What is t(-8)?
262
Let i(d) = 936*d**3 + d**2 + 419*d - 419. Determine i(1).
937
Let x(k) = -11614*k - 534256. Give x(-46).
-12
Let s(o) = -o**3 - 5*o**2 - 37*o + 544. Calculate s(-10).
1414
Let x(c) = 2*c**3 - 39*c**2 - 23*c + 75. What is x(20)?
15
Let p(g) = -18*g**3 + 5*g**2 + 60*g + 257. What is p(-4)?
1249
Let m(g) = 13*g**2 - 1520*g + 18628. Give m(103).
-15
Let y(c) = 474*c + 20884. Give y(-45).
-446
Let g(h) = -h**3 - 459*h**2 + 912*h - 4625. Determine g(-461).
-15
Let h(x) = x**3 + 151*x**2 - 2490*x + 369. Determine h(-166).
369
Let b(m) = 178*m**2 - 74*m + 6. Calculate b(1).
110
Let u(w) = 9*w**2 - 163*w + 2419. Calculate u(16).
2115
Let r(f) = -14*f**3 + 249*f**2 - 301*f + 51. Determine r(1).
-15
Let u(n) = -2*n**3 - 13*n**2 + 406*n + 10. Determine u(-17).
-823
Let k(f) = -3*f**3 + 16*f**2 + 17*f - 296. Determine k(5).
-186
Let h(z) = 16472*z + 98849. Give h(-6).
17
Let j(b) = -b**2 - 1806*b - 75684. Calculate j(-43).
125
Let j(v) = 2*v**3 + 15*v**2 - v - 38. Determine j(-8).
-94
Let n(f) = f**2 - 61015*f - 11. Give n(0).
-11
Let b(i) = 3650*i - 73030. Determine b(20).
-30
Let t(q) = 4437*q - 2546827. Give t(574).
11
Let v(w) = -w**3 - 145*w**2 + 200*w + 8472. What is v(-146)?
588
Let t(z) = z**2 - 8233*z + 139660. What is t(17)?
-12
Let q(t) = 45694*t + 6762719. Give q(-148).
7
Let j(f) = -f**3 - 146*f**2 - 694*f + 1502. Give j(-141).
-49
Let i(m) = -131*m**2 + 10363*m - 250. Determine i(79).
856
Let m(r) = 3862*r + 200491. What is m(-52)?
-333
Let d(v) = 1184*v - 461763. Give d(390).
-3
Let h(q) = -30*q**2 + 5959*q - 29796. Calculate h(5).
-751
Let n(b) = -5*b**3 + 844*b**2 + 167*b + 331. Determine n(169).
-7
Let a(p) = -5482*p - 219288. Determine a(-40).
-8
Let j(d) = -8*d**3 + 11*d**2 + 723*d + 4253. Give j(-6).
2039
Let h(z) = -z**2 - 273*z - 9903. Determine h(-230).
-13
Let z(x) = -72*x + 1135. Give z(17).
-89
Let r(m) = -1039*m + 146494. What is r(141)?
-5
Let j(g) = g**3 + 11*g**2 - 61*g - 429. Determine j(-13).
26
Let i(d) = -d**2 - 493*d + 7514. Calculate i(15).
-106
Let v(x) = 491800*x + 13278600. Give v(-27).
0
Let x(t) = -123*t - 13384. Determine x(-109).
23
Let n(y) = y**3 + 103*y**2 + 980*y + 1078. What is n(-9)?
-128
Let t(c) = c**3 + 102*c**2 - 75*c + 3087. Calculate t(-103).
203
Let b(w) = -2*w**3 - 661*w**2 - 333*w - 1030. What is b(-330)?
-40
Let l(y) = -3*y**2 - 312*y - 7956. What is l(-59)?
9
Let x(f) = 6*f**2 - 110*f - 769. Give x(-19).
3487
Let s(f) = -971*f**2 - 92256*f - 1039. Give s(-95).
6
Let s(c) = 4252*c - 109452. What is s(26)?
1100
Let q(v) = 4*v**3 - 4*v**2 - 11988*v + 23974. What is q(2)?
14
Let o(f) = f**3 + 8*f**2 - 125*f - 1204. Determine o(-9).
-160
Let n(g) = -2*g**2 - 214*g + 11778. Give n(-147).
18
Let r(j) = j**2 + 59*j + 957. Determine r(-28).
89
Let g(k) = 2*k**2 - 77*k + 760. Calculate g(31).
295
Let g(l) = 2*l**2 - 6701*l + 1629676. What is g(264)?
4
Let o(h) = -3*h**2 + 296*h + 4099. Give o(111).
-8
Let d(b) = -1379*b - 15612. Determine d(-13).
2315
Let y(j)